lse
Is 5519 a prime number?
True
Is 180949 prime?
True
Is 12601 prime?
True
Is 20101 prime?
True
Is 167863 composite?
False
Is 135699 composite?
True
Is 949 a composite number?
True
Is 175543 a composite number?
False
Is 16021 composite?
True
Is 2900929 a composite number?
False
Is 432301 composite?
False
Is 29507 composite?
True
Is 1966 composite?
True
Is 19889 a prime number?
True
Is 20337 a composite number?
True
Is 8663 composite?
False
Is 108157 a composite number?
True
Is 7901 a prime number?
True
Is 2105 composite?
True
Is 63383 prime?
False
Is 4063 composite?
True
Is 7063 prime?
False
Is 508841 a prime number?
True
Is 1065259 a prime number?
False
Is 11531 a composite number?
True
Is 177 a composite number?
True
Is 2081 a composite number?
False
Is 81457 composite?
False
Is 27329 a prime number?
True
Is 11777 a composite number?
False
Is 178457 prime?
False
Is 24841 a prime number?
True
Is 282227 a composite number?
True
Is 291913 prime?
False
Is 697 prime?
False
Is 35887 composite?
True
Is 580147 a composite number?
True
Is 1357 composite?
True
Is 29063 composite?
False
Is 216277 prime?
False
Is 2006395 a composite number?
True
Is 92623 composite?
False
Is 4789 prime?
True
Is 57053 a prime number?
False
Is 1523 a prime number?
True
Is 6263 composite?
False
Is 321187 a composite number?
False
Is 682235 composite?
True
Is 54101 a composite number?
False
Is 76333 prime?
True
Is 12211 a prime number?
True
Is 12235 prime?
False
Is 76403 composite?
False
Is 391487 a prime number?
True
Is 2479 a prime number?
False
Is 379 a composite number?
False
Is 152543 composite?
True
Is 172837 a composite number?
True
Is 163367 a prime number?
True
Is 3793 prime?
True
Is 59821 a prime number?
False
Is 26497 a composite number?
False
Is 23915 prime?
False
Is 2115481 composite?
False
Is 9609 a composite number?
True
Is 24907 a composite number?
False
Is 24281 a prime number?
True
Is 84139 a prime number?
False
Is 40459 a prime number?
True
Is 227893 a composite number?
False
Is 68339 a prime number?
False
Is 466997 a composite number?
False
Is 102259 composite?
False
Is 96893 composite?
False
Is 2503 a prime number?
True
Is 9901 a prime number?
True
Is 335261 a composite number?
False
Is 152093 a prime number?
True
Is 84827 prime?
True
Is 778 a prime number?
False
Is 1043453 prime?
True
Is 55087 composite?
True
Is 637847 a prime number?
False
Is 4197 a prime number?
False
Is 3247 a prime number?
False
Is 92201 a composite number?
True
Is 10347 composite?
True
Is 35897 a composite number?
False
Is 17923 a prime number?
True
Is 164785 a prime number?
False
Is 417827 composite?
True
Is 482 prime?
False
Is 6599 prime?
True
Is 14923 composite?
False
Is 1190467 a composite number?
False
Is 15499 a prime number?
False
Is 5333 composite?
False
Is 23087 a prime number?
True
Is 212726 a prime number?
False
Is 2813 composite?
True
Is 28937 composite?
True
Is 766903 composite?
True
Is 59921 prime?
True
Is 286333 a prime number?
True
Is 52637 prime?
False
Is 168985 composite?
True
Is 18739 composite?
True
Is 53743 a prime number?
False
Is 8997 a prime number?
False
Is 119933 a composite number?
True
Is 2637647 composite?
False
Is 3102557 a prime number?
True
Is 28163 a prime number?
True
Is 298969 a prime number?
False
Is 215123 a composite number?
False
Is 458522 a prime number?
False
Is 855391 a composite number?
False
Is 892129 a composite number?
True
Is 1777 composite?
False
Is 2819 composite?
False
Is 9899 a composite number?
True
Is 30655 prime?
False
Is 395429 a composite number?
False
Is 1949 a composite number?
False
Is 8279 composite?
True
Is 10771 a composite number?
False
Is 177629 a prime number?
False
Is 60161 composite?
False
Is 4057 composite?
False
Is 7369 composite?
False
Is 1759 prime?
True
Is 389 a prime number?
True
Is 951 a prime number?
False
Is 144031 composite?
False
Is 8263 a prime number?
True
Is 1312601 a composite number?
False
Is 54987 prime?
False
Is 242843 a prime number?
False
Is 31847 a prime number?
True
Is 123001 composite?
False
Is 20591 prime?
False
Is 45397 composite?
True
Is 34027 a composite number?
True
Is 31237 composite?
False
Is 133499 prime?
True
Is 1709 prime?
True
Is 3793 a prime number?
True
Is 20413 composite?
True
Is 116329 prime?
True
Is 73171 a prime number?
False
Is 11027 a prime number?
True
Is 922 composite?
True
Is 1639 composite?
True
Is 216557 a prime number?
False
Is 2743 a composite number?
True
Is 587 prime?
True
Is 61283 a prime number?
True
Is 557153 prime?
True
Is 771553 composite?
False
Is 221213 a prime number?
False
Is 53817 prime?
False
Is 771 composite?
True
Is 166121 composite?
True
Is 77719 a prime number?
True
Is 286861 a composite number?
True
Is 306039 a composite number?
True
Is 10243 prime?
True
Is 710419 prime?
False
Is 27847 a composite number?
False
Is 31385 a prime number?
False
Is 273857 composite?
False
Is 1117 composite?
False
Is 10313 a composite number?
False
Is 1132199 prime?
True
Is 622241 composite?
False
Is 30209 composite?
True
Is 10487 a composite number?
False
Is 1371 composite?
True
Is 328243 prime?
True
Is 1099 a composite number?
True
Is 7745 composite?
True
Is 150323 composite?
False
Is 189986 a composite number?
True
Is 295741 composite?
True
Is 10529 composite?
False
Is 18101 a prime number?
False
Is 40219 composite?
True
Is 2642 composite?
True
Is 3466043 a composite number?
True
Is 127 a prime number?
True
Is 121763 composite?
False
Is 5033 composite?
True
Is 70283 a prime number?
False
Is 10391 a composite number?
False
Is 470317 a prime number?
True
Is 12517 a prime number?
True
Is 49562 prime?
False
Is 745273 a composite number?
False
Is 25057 a prime number?
True
Is 273401 composite?
True
Is 292451 a composite number?
True
Is 8747 a prime number?
True
Is 18489 prime?
False
Is 2411 prime?
True
Is 985499 a composite number?
False
Is 343997 composite?
False
Is 19733 prime?
False
Is 284755 composite?
True
Is 140297 a prime number?
True
Is 1460671 composite?
False
Is 12079 composite?
True
Is 35579 a composite number?
True
Is 307085 composite?
True
Is 125261 prime?
True
Is 1143749 a composite number?
False
Is 4889 a composite number?
False
Is 870107 composite?
True
Is 5937 composite?
True
Is 4009 a prime number?
False
Is 19529 a prime number?
False
Is 2117 composite?
True
Is 1102359 prime?
False
Is 31469 prime?
True
Is 15353 composite?
True
Is 30754 a composite number?
True
Is 2285 a composite number?
True
Is 282631 a composite number?
True
Is 194933 a prime number?
True
Is 223699 prime?
False
Is 36434 a composite number?
True
Is 1974619 composite?
True
Is 11461 prime?
False
Is 7207 a composite number?
False
Is 106817 composite?
True
Is 187043 composite?
False
Is 20759 a composite number?
False
Is 816635 a prime number?
False
Is 196621 prime?
False
Is 25577 a prime number?
True
Is 393359 prime?
False
Is 271 composite?
False
Is 50357 prime?
False
Is 28343 a composite number?
True
Is 28533 a composite number?
True
Is 523397 composite?
True
Is 4249 a prime number?
False
Is 65921 a prime number?
True
Is 31781 a prime number?
False
Is 3197 a prime number?
False
Is 8197 prime?
False
Is 185947 a composite number?
False
Is 5935 prime?
False
Is 30767 composite?
True
Is 315101 a prime number?
False
Is 10618 composite?
True
Is 1523 a prime number?
True
Is 90163 a prime number?
True
Is 310819 composite?
False
Is 1249 a prime number?
True
Is 12143 prime?
True
Is 15469 a prime number?
False
Is 722885 a prime number?
False
Is 541649 a prime number?
False
Is 33509 a prime number?
False
Is 97855 prime?
False
Is 20543 a composite number?
False
Is 213163 a composite number?
True
Is 14401 prime?
True
Is 103079 a composite number?
False
Is 48947 a prime number?
True
Is 11777 prime?
True
Is 30427 composite?
False
Is 157733 prime?
True
Is 507761 a prime number?
False
Is 19661 composite?
False
Is 193277 composite?
True
Is 266971 prime?
True
Is 13753 a prime number?
False
Is 2767 prime?
True
Is 28123 composite?
False
Is 291457 prime?
True
Is 461507 a composite number?
False
Is 7369 a prime number?
True
Is 164779 a prime number?
False
Is 27769 a prime number?
False
Is 99487 prime?
True
Is 34057 prime?
True
Is 11015 prime?
False
Is 49687 a prime number?
False
Is 795727 prime?
True
Is 4327 a